ose -4*u + r = -716, 4*u - r - x = -u. Is u a composite number?
False
Suppose 0 = -2*a - 14*a + 237376. Suppose -46*v = -42*v - a. Is v prime?
True
Suppose -94182 = 109*k - 131*k. Is k prime?
False
Let x(s) = -165*s**2 + s - 9. Let y be x(-9). Let w = 19545 + y. Suppose 2*z + 4*z - w = 0. Is z a prime number?
False
Suppose -36*x = -28*x - 13048. Is x composite?
True
Is (-18742)/(-9 + 13 + -6) composite?
False
Let c be 52/14 - 6/(-21). Let k = -5 + c. Is (-3 - (125 + k))/(-1) a prime number?
True
Let j(a) = 141*a**2 - 5*a + 17. Let t be j(5). Let r = t + 1174. Is r a composite number?
False
Let s = 352 + -67. Let d = s - 152. Is 2/(-2) + d + -5 prime?
True
Suppose 2 = -7*t - 19. Is 6/t - 9*-63 prime?
False
Let j(c) = -3*c**2 + 34*c + 1. Let p be j(8). Suppose -p = 3*y - 420. Is y composite?
False
Suppose -p + 1 + 38 = -5*u, 11 = -u - 3*p. Let d be -50*2*2/(-10). Is (d/u)/(2/(-164)) prime?
False
Suppose 4*g = 6*g - 2, -4*g - 7284 = -4*v. Suppose v = 12*o - 10*o. Is o prime?
True
Let u = 7 - 2. Suppose -c - s = 4*s - 38, u*c = -3*s + 146. Suppose -5*v - 5*y = 3 - 43, -v = 5*y - c. Is v a composite number?
False
Let h be (-10)/(-35) - 33/(-7). Suppose -4*p - h - 9 = -5*v, -4*p - 2*v = 0. Let a = p + 11. Is a a composite number?
True
Suppose -25 = -5*i, -3*n = -i - 0 + 23. Let c(z) be the third derivative of z**5/30 + 5*z**3/6 - 2*z**2. Is c(n) a composite number?
True
Let s(i) be the second derivative of i**5/20 + 2*i**4/3 - 5*i**3/3 - 2*i**2 - 5*i. Let p be s(-9). Suppose -u - 18 = -p*o, 4*o - 3 - 5 = 4*u. Is u prime?
True
Suppose -2*z = -2 + 14. Let a(u) = u**2 + 1. Let t(o) = -4*o**2 + 2*o - 16. Let n(i) = 5*a(i) + t(i). Is n(z) composite?
False
Suppose 18*w = -9212 + 314186. Is w prime?
True
Suppose -3*t = -3*w - w + 1, 2*w + 3*t + 13 = 0. Let r = w + 2. Suppose 2*u = -r*u + 102. Is u composite?
True
Let k = -25 + 18. Let u = 12 + k. Is -3 + u - 1*-51 composite?
False
Suppose -5*b = -4*p - 50, 0 = 5*b + 3*p + 8 - 23. Suppose -b*f + f = 0. Suppose f = 3*g - o + 2*o - 637, 0 = -5*g + 4*o + 1039. Is g prime?
True
Let j = 12152 + -6821. Is j a prime number?
False
Let p = -224 + 1057. Suppose -4*u + 2*z = -p - 945, -u - 2*z = -447. Is u a composite number?
True
Let w(v) = -v**2 - 36. Let q be w(0). Is (-5278)/(-18) + 8/q composite?
False
Suppose 4*o - 4 = 0, 2*j + o = 3*o + 680. Suppose -3*p + t + 1918 = 0, p - j - 295 = t. Is p composite?
False
Let y(h) = h**3 + 7*h**2 + 8*h - 95. Is y(13) composite?
False
Let r(b) be the third derivative of b**6/120 + 3*b**5/20 + 3*b**4/8 + 2*b**3/3 - 35*b**2 - 2. Suppose 5*t + 0 = 3*n + 3, -5*t - 15 = 0. Is r(n) a prime number?
False
Let c be (-12)/(-30) + 2048/5. Let m = c - 755. Let y = m + 556. Is y a prime number?
True
Let u(a) = 65*a**2 - 16. Is u(15) a composite number?
True
Suppose -104166 - 167778 = 6*v. Is (v/24)/(3/(-2)) composite?
False
Let q(j) = -j**3 - 8*j**2 + 5*j + 23. Is q(-18) a composite number?
True
Suppose -81 = 2*j + 97. Let p be (3 - -1)*(-3 - 2*-21). Let o = p + j. Is o composite?
False
Let w(u) = 2*u**2 + 11*u - 2. Let k be w(-6). Suppose -5*q + k*q + 2807 = 4*l, 5*l + 2*q - 3511 = 0. Is l a prime number?
True
Suppose -51*j = -45*j - 118434. Is j prime?
True
Suppose 4 = 5*m - r - 18, 3*m = -r + 18. Suppose m*u - 40911 + 15492 = -4*q, 0 = -u - 3*q + 5075. Is u a prime number?
True
Let z = 40 - 37. Suppose -601 = -z*q + 2006. Is q prime?
False
Let q = 52 + -49. Suppose m - 4*m + 3117 = q*g, -2*m = g - 1035. Is g composite?
True
Suppose -72*v + 65*v + 5894 = 0. Is v prime?
False
Is -3*(-4)/(-3) - -1845 a composite number?
True
Let o be ((-65)/10)/(0 - (-3)/(-6)). Let c(n) = n**3 - 6*n**2 - 15*n - 3. Is c(o) a composite number?
True
Suppose -4*y = -4*q + 21816, -5*q - 28*y + 30*y + 27255 = 0. Is q composite?
False
Suppose 0 = -5*l - i - 3*i + 1724, 2*l = -2*i + 688. Let p = 889 - l. Is p a composite number?
False
Let n(p) = -14*p**3 - 2*p - 2. Suppose -3*x - c = 4 - 3, 2*c = 5*x + 20. Let b be n(x). Suppose 0 = -5*q - 2*h + 83 + b, 0 = 2*q - h - 77. Is q prime?
False
Suppose 0 = 57*c + 20557 - 86335. Is c composite?
True
Suppose 5*g - 890 = 3*g. Suppose 65 = -2*q + 4*h - 205, -g = 3*q + 2*h. Let y = 172 - q. Is y a composite number?
False
Let r = -7 + 26. Let k = 15 - r. Is k + 2 - -9*9 prime?
True
Let j(c) = 3*c**3 - 5*c**2 + 22*c + 13. Is j(12) prime?
False
Suppose 3*f - 8382 = -5*g, 1024 - 14954 = -5*f + 5*g. Suppose -f = -10*m - 699. Is m prime?
False
Let j(x) = -497*x + 59. Is j(-4) a composite number?
True
Let z be -4 - -6*1/(-3). Is (5 + z)*(-238)/2 a composite number?
True
Suppose -635 = 5*d - 0*d. Let w = 210 + d. Is w a composite number?
False
Let k = -552 - -377. Suppose 5*z - 947 = -2937. Let r = k - z. Is r prime?
True
Let c(a) = 4*a - 2. Let z be c(6). Let r = z + -16. Suppose r = 3*g - u - 2*u, 0 = 5*g - 3*u - 12. Is g prime?
True
Let f be 12/3 - (-8)/(40/(-3615)). Let s = 2390 + -3522. Let a = f - s. Is a prime?
False
Let p(g) = g**2 - 7*g - 6. Let v be p(-6). Suppose 4*n + 2*z + v = -72, -5*n = -z + 173. Is (-10)/n - (-808)/14 composite?
True
Suppose 2*c - k + 4*k = 30530, -5*c + 76287 = -2*k. Is c prime?
True
Is 0 + 1748 + (8 - (1 + 2)) composite?
False
Let o = 89025 - -7868. Is o a composite number?
False
Let p(b) = -b**3 + 10*b**2 - 8*b - 4. Let u be p(9). Suppose -u*f + 76 = -3*f. Suppose 3*l - f = -w - 11, 4*l = 2*w - 34. Is w prime?
False
Let w = 689 - 408. Let b = -42 + w. Is b a composite number?
False
Let r(w) = -w. Let m be r(-6). Suppose -3*s + m = -0. Suppose g + 2*t - 66 = 85, 0 = -s*g - 5*t + 297. Is g prime?
False
Let t(h) = h**3 - 6*h**2 + h - 4. Let c be t(6). Let f(r) = 5*r**2 + 3*r + 0 + 1 - c. Is f(-4) composite?
False
Let z(x) = -x**3 - 4*x**2 + 6*x + 9. Let a be z(-5). Is 508/(-10)*(-1 - a) composite?
True
Suppose 0 = 28*l - 4*l - 74472. Is l a composite number?
True
Suppose -14*y + 12*y = -3016. Suppose -79*v = -83*v + y. Is v a prime number?
False
Let k(p) = 739*p**2 - 5*p - 61. Is k(-7) a prime number?
False
Let j(b) = 3*b + 51. Is j(-10) a prime number?
False
Let y be 10/25*-1*-5. Suppose y*p = 2*q + 998, q = -6*p + 2*p + 2016. Is p prime?
True
Let m = 18194 - -759. Is m prime?
False
Suppose 12 - 14 = -w. Suppose -3*p = w*c - 12016, c - 24050 = -3*c + 3*p. Is c a prime number?
True
Let n = 3778 - -19977. Is n prime?
False
Suppose c - 5001 = -b, 12*b = -c + 9*b + 4991. Is c composite?
True
Let w = -108277 - -193968. Is w a composite number?
False
Let c(f) be the third derivative of -f**5/30 - 5*f**2. Let v be c(1). Is (-31)/v - (-5)/(-10) prime?
False
Suppose 5*o = -4 + 9. Is o + (3 + -3 - (-352 - 2)) prime?
False
Suppose 10*t + 2*t - 1656 = 0. Suppose 0 = q + 3*o - 169, 0 = -2*q + 5*o + 156 + t. Is q a prime number?
True
Let u = 990 - -817. Let d = -1068 + u. Is d a composite number?
False
Let i(x) = -x**3 + 11*x**2 + 6*x - 9. Let t be i(12). Let m = t - -160. Is m a prime number?
True
Let u = -643 + 934. Suppose 0 = -4*q - u + 5631. Suppose 13*z - q = 8*z. Is z prime?
False
Let v(b) = b**3 + b - 1. Let g(w) = -w**3 + 14*w**2 - 4*w - 18. Let o(u) = g(u) + 2*v(u). Let f be o(-14). Let q = f + 27. Is q a composite number?
True
Suppose 3*s - 3*u = 7458, -2*s + 4*u + 6680 = 1718. Let d be (1 + s)*(4 - 3). Suppose -3*n - n = -d. Is n a prime number?
False
Is (17211/6)/(((-9)/3)/(-6)) a composite number?
False
Suppose 3*v - 14 = m - 2*m, -4*v + 5*m = -25. Suppose -3*z = -v*z + 3386. Is z a prime number?
True
Let f(y) = 437*y**2 + 5*y - 21. Is f(10) a composite number?
True
Suppose 2*a + 4222 = 2*y, 0*y - 3*a = -y + 2121. Is y/8 - 7/(24 + 4) prime?
True
Let y = -158 + 1843. Is y a composite number?
True
Let o = 34811 + -14674. Is o prime?
False
Suppose 0 = -d - 4*v + 19393, 4*v + 24410 = 3*d - 33689. Is d a composite number?
False
Suppose 0*s - 16569 = -4*s + 5*m, -m = 5*s - 20675. Suppose 4*n - 4*d - s = 0, 0 = 4*d + 19 - 3. Suppose 0*o + 2*c = -o + 207, -5*o = 5*c - n. Is o composite?
True
Suppose -20 = -4*h + 5*q, 3*h + 3*q - 2*q + 4 = 0. Let l be 30 - (h/2 - 3). Suppose 0*u - u = -l. Is u a prime number?
False
Let r = 14 - 9. Suppose 0*w - r = -w. Suppose w*l = 3*l + 358. Is l a composite number?
False
Let h be 4*2*(-35)/(-28). Let y = h - 8. Suppose -4*a + 0*a - y*s = -332, 2*a - s = 174. Is a a prime number?
False
Let x(s) = 36*s - 120. Let g be